{"id":5050,"date":"2018-06-15T16:16:07","date_gmt":"2018-06-15T14:16:07","guid":{"rendered":"http:\/\/puissalicon.fr\/?page_id=5050"},"modified":"2024-02-07T17:44:54","modified_gmt":"2024-02-07T16:44:54","slug":"politique-de-confidentialite","status":"publish","type":"page","link":"https:\/\/puissalicon.fr\/index.php\/renseignements-pratiques\/politique-de-confidentialite\/","title":{"rendered":"Politique de confidentialit\u00e9"},"content":{"rendered":"<h2>Qui sommes-nous\u00a0?<\/h2>\n<p>Ce site est \u00e9dit\u00e9 par l&rsquo;\u00e9quipe municipale de Puissalicon, village situ\u00e9 dans le sud de la France, r\u00e9gion Occitanie.<br \/>\nLe responsable \u00e9ditorial est Monsieur le Maire.<\/p>\n<p>Pour le contacter :<\/p>\n<p>Monsieur le Maire<br \/>\nMairie de Puissalicon<br \/>\nPlace de la Barbacane<br \/>\n34480 PUISSALICON<\/p>\n<p><a href=\"mailto:mairie@puissalicon.fr\" target=\"_blank\" rel=\"noopener\">mairie@puissalicon.fr<\/a><\/p>\n<p>L\u2019adresse de notre site Web est : <a href=\"https:\/\/puissalicon.fr\" target=\"_blank\" rel=\"noopener\">https:\/\/puissalicon.fr<\/a><\/p>\n<h2>Utilisation des donn\u00e9es personnelles collect\u00e9es<\/h2>\n<h3>Commentaires<\/h3>\n<p>Quand vous laissez un commentaire sur notre site web, les donn\u00e9es inscrites dans le formulaire de commentaire, mais aussi votre adresse IP et l\u2019agent utilisateur de votre navigateur sont collect\u00e9s pour nous aider \u00e0 la d\u00e9tection des commentaires ind\u00e9sirables.<\/p>\n<p>Une cha\u00eene anonymis\u00e9e cr\u00e9\u00e9e \u00e0 partir de votre adresse de messagerie (\u00e9galement appel\u00e9e hash) peut \u00eatre envoy\u00e9e au service Gravatar pour v\u00e9rifier si vous utilisez ce dernier. Les clauses de confidentialit\u00e9 du service Gravatar sont disponibles ici\u00a0: <a href=\"https:\/\/automattic.com\/privacy\/\">https:\/\/automattic.com\/privacy\/<\/a>. Apr\u00e8s validation de votre commentaire, votre photo de profil sera visible publiquement \u00e0 cot\u00e9 de votre commentaire.<\/p>\n<p><span style=\"text-decoration: underline;\">Note<\/span> : Les commentaires sont actuellement d\u00e9sactiv\u00e9s.<\/p>\n<h3>M\u00e9dias<\/h3>\n<p>Si vous \u00eates un utilisateur ou une utilisatrice enregistr\u00e9\u00b7e et que vous t\u00e9l\u00e9versez des images sur le site web, nous vous conseillons d\u2019\u00e9viter de t\u00e9l\u00e9verser des images contenant des donn\u00e9es EXIF de coordonn\u00e9es GPS. Les visiteurs de votre site web peuvent t\u00e9l\u00e9charger et extraire des donn\u00e9es de localisation depuis ces images.<\/p>\n<p><span style=\"text-decoration: underline;\">Note<\/span> : Seuls les utilisateurs enregistr\u00e9s au moins en tant que contributeurs sont autoris\u00e9s \u00e0 t\u00e9l\u00e9verser des images ou des documents sur ce site.<\/p>\n<h3>Formulaires de contact<\/h3>\n<h3>Cookies<\/h3>\n<p>Si vous d\u00e9posez un commentaire sur notre site, il vous sera propos\u00e9 d\u2019enregistrer votre nom, adresse de messagerie et site web dans des cookies. C\u2019est uniquement pour votre confort afin de ne pas avoir \u00e0 saisir ces informations si vous d\u00e9posez un autre commentaire plus tard. Ces cookies expirent au bout d\u2019un an.<\/p>\n<p>Si vous avez un compte et que vous vous connectez sur ce site, un cookie temporaire sera cr\u00e9\u00e9 afin de d\u00e9terminer si votre navigateur accepte les cookies. Il ne contient pas de donn\u00e9es personnelles et sera supprim\u00e9 automatiquement \u00e0 la fermeture de votre navigateur.<\/p>\n<p>Lorsque vous vous connecterez, nous mettrons en place un certain nombre de cookies pour enregistrer vos informations de connexion et vos pr\u00e9f\u00e9rences d\u2019\u00e9cran. La dur\u00e9e de vie d\u2019un cookie de connexion est de deux jours, celle d\u2019un cookie d\u2019option d\u2019\u00e9cran est d\u2019un an. Si vous cochez \u00ab\u00a0Se souvenir de moi\u00a0\u00bb, votre cookie de connexion sera conserv\u00e9 pendant deux semaines. Si vous vous d\u00e9connectez de votre compte, le cookie de connexion sera effac\u00e9.<\/p>\n<p>En modifiant ou en publiant un article, un cookie suppl\u00e9mentaire sera enregistr\u00e9 dans votre navigateur. Ce cookie ne comprend aucune donn\u00e9e personnelle. Il indique simplement l\u2019identifiant de l\u2019article que vous venez de modifier. Il expire au bout d\u2019un jour.<\/p>\n<h3>Contenu embarqu\u00e9 depuis d\u2019autres sites<\/h3>\n<p>Les articles de ce site peuvent inclure des contenus int\u00e9gr\u00e9s (par exemple des vid\u00e9os, images, articles\u2026). Le contenu int\u00e9gr\u00e9 depuis d\u2019autres sites se comporte de la m\u00eame mani\u00e8re que si le visiteur se rendait sur cet autre site.<\/p>\n<p>Ces sites web pourraient collecter des donn\u00e9es sur vous, utiliser des cookies, embarquer des outils de suivis tiers, suivre vos interactions avec ces contenus embarqu\u00e9s si vous disposez d\u2019un compte connect\u00e9 sur leur site web.<\/p>\n<p><span style=\"text-decoration: underline;\">Note<\/span> : Nous ne publions pas de contenu embarqu\u00e9.<\/p>\n<h3>Statistiques et mesures d\u2019audience<\/h3>\n<p>Nous ne mesurons pas actuellement l&rsquo;audience de ce site internet.<\/p>\n<h2>Utilisation et transmission de vos donn\u00e9es personnelles<\/h2>\n<p>Nous ne stockons aucune donn\u00e9e et ne transmettons rien \u00e0 qui que ce soit.<\/p>\n<h2>Dur\u00e9es de stockage de vos donn\u00e9es<\/h2>\n<p>Si vous laissez un commentaire, le commentaire et ses m\u00e9tadonn\u00e9es sont conserv\u00e9s ind\u00e9finiment. Cela permet de reconna\u00eetre et approuver automatiquement les commentaires suivants au lieu de les laisser dans la file de mod\u00e9ration.<\/p>\n<p><span style=\"text-decoration: underline;\">Note<\/span> : Les commentaires sont actuellement d\u00e9sactiv\u00e9s.<\/p>\n<p>Pour les utilisateurs et utilisatrices qui s\u2019enregistrent sur notre site (si cela est possible), nous stockons \u00e9galement les donn\u00e9es personnelles indiqu\u00e9es dans leur profil. Tous les utilisateurs et utilisatrices peuvent voir, modifier ou supprimer leurs informations personnelles \u00e0 tout moment (\u00e0 l\u2019exception de leur nom d\u2019utilisateur\u00b7ice). Les gestionnaires du site peuvent aussi voir et modifier ces informations.<\/p>\n<p>Le cas se pr\u00e9sente uniquement si vous vous inscrivez \u00e0 notre lettre d&rsquo;information : seule votre adresse mail est enregistr\u00e9e afin que vous puissiez \u00eatre destinataire des newsletters.<\/p>\n<h2>Les droits que vous avez sur vos donn\u00e9es<\/h2>\n<p>Si vous avez un compte ou si vous avez laiss\u00e9 des commentaires sur le site, vous pouvez demander \u00e0 recevoir un fichier contenant toutes les donn\u00e9es personnelles que nous poss\u00e9dons \u00e0 votre sujet, incluant celles que vous nous avez fournies. Vous pouvez \u00e9galement demander la suppression des donn\u00e9es personnelles vous concernant. Cela ne prend pas en compte les donn\u00e9es stock\u00e9es \u00e0 des fins administratives, l\u00e9gales ou pour des raisons de s\u00e9curit\u00e9.<\/p>\n<p><span style=\"text-decoration: underline;\">Note<\/span> : Les commentaires sont actuellement d\u00e9sactiv\u00e9s.<\/p>\n<h2>Transmission de vos donn\u00e9es personnelles<\/h2>\n<p>Les commentaires des visiteurs peuvent \u00eatre v\u00e9rifi\u00e9s \u00e0 l\u2019aide d\u2019un service automatis\u00e9 de d\u00e9tection des commentaires ind\u00e9sirables.<\/p>\n<p><span style=\"text-decoration: underline;\">Note<\/span> : Les commentaires sont actuellement d\u00e9sactiv\u00e9s.<\/p>\n<h2>Informations de contact<\/h2>\n<p>Pour contacter Monsieur le Maire, directeur de publication :<\/p>\n<p>Monsieur le Maire<br \/>\nMairie de Puissalicon<br \/>\nPlace de la Barbacane<br \/>\n34480 PUISSALICON<\/p>\n<p><a href=\"mailto:mairie@puissalicon.fr\" target=\"_blank\" rel=\"noopener\">mairie@puissalicon.fr<\/a><\/p>\n<h2>Informations suppl\u00e9mentaires<\/h2>\n<h3>Comment nous prot\u00e9geons vos donn\u00e9es<\/h3>\n<p>Nos donn\u00e9es et les v\u00f4tres sont stock\u00e9es dans notre base de donn\u00e9es chez un h\u00e9bergeur professionnel sur le sol Fran\u00e7ais, donc soumis \u00e0 la loi fran\u00e7aise.<\/p>\n<p>Nous assurons les mises \u00e0 jour r\u00e9guli\u00e8res et compl\u00e8tes du site afin de le prot\u00e9ger d&rsquo;\u00e9ventuelles faille de s\u00e9curit\u00e9 qui pourraient \u00eatre d\u00e9couvertes.<\/p>\n<h3>Proc\u00e9dures mises en \u0153uvre en cas de fuite de donn\u00e9es<\/h3>\n<p>Si une intrusion \u00e9tait constat\u00e9e, nous mettrions imm\u00e9diatement le site en maintenance et nous conformerions aux proc\u00e9dures mises en \u0153uvre par notre h\u00e9bergeur.<\/p>\n<h3>Les services tiers qui nous transmettent des donn\u00e9es<\/h3>\n<p>Aucun service tiers ne nous transmet de donn\u00e9es.<\/p>\n<h3>Op\u00e9rations de marketing automatis\u00e9 et\/ou de profilage r\u00e9alis\u00e9es \u00e0 l\u2019aide des donn\u00e9es personnelles<\/h3>\n<p>Nous ne r\u00e9alisons aucune op\u00e9ration de marketing ni de profilage.<\/p>\n<h3>Affichage des informations li\u00e9es aux secteurs soumis \u00e0 des r\u00e9gulations sp\u00e9cifiques<\/h3>\n<p>En tant que Mairie, et ne faisant pas partie d&rsquo;une \u00ab\u00a0industrie r\u00e9gul\u00e9e\u00a0\u00bb, nous ne sommes pas soumis \u00e0 des r\u00e9gulations sp\u00e9cifiques.<\/p>\n","protected":false},"excerpt":{"rendered":"<p>Qui sommes-nous\u00a0? Ce site est \u00e9dit\u00e9 par l&rsquo;\u00e9quipe municipale de Puissalicon, village situ\u00e9 dans le sud de la France, r\u00e9gion Occitanie. Le responsable \u00e9ditorial est Monsieur le Maire. Pour le contacter : Monsieur le Maire Mairie de Puissalicon Place de la Barbacane 34480 PUISSALICON mairie@puissalicon.fr L\u2019adresse de notre site Web est : https:\/\/puissalicon.fr Utilisation des [&hellip;]<\/p>\n","protected":false},"author":1,"featured_media":0,"parent":191,"menu_order":0,"comment_status":"closed","ping_status":"closed","template":"","meta":{"footnotes":""},"class_list":["post-5050","page","type-page","status-publish","hentry"],"post_mailing_queue_ids":[],"_links":{"self":[{"href":"https:\/\/puissalicon.fr\/index.php\/wp-json\/wp\/v2\/pages\/5050","targetHints":{"allow":["GET"]}}],"collection":[{"href":"https:\/\/puissalicon.fr\/index.php\/wp-json\/wp\/v2\/pages"}],"about":[{"href":"https:\/\/puissalicon.fr\/index.php\/wp-json\/wp\/v2\/types\/page"}],"author":[{"embeddable":true,"href":"https:\/\/puissalicon.fr\/index.php\/wp-json\/wp\/v2\/users\/1"}],"replies":[{"embeddable":true,"href":"https:\/\/puissalicon.fr\/index.php\/wp-json\/wp\/v2\/comments?post=5050"}],"version-history":[{"count":7,"href":"https:\/\/puissalicon.fr\/index.php\/wp-json\/wp\/v2\/pages\/5050\/revisions"}],"predecessor-version":[{"id":10550,"href":"https:\/\/puissalicon.fr\/index.php\/wp-json\/wp\/v2\/pages\/5050\/revisions\/10550"}],"up":[{"embeddable":true,"href":"https:\/\/puissalicon.fr\/index.php\/wp-json\/wp\/v2\/pages\/191"}],"wp:attachment":[{"href":"https:\/\/puissalicon.fr\/index.php\/wp-json\/wp\/v2\/media?parent=5050"}],"curies":[{"name":"wp","href":"https:\/\/api.w.org\/{rel}","templated":true}]}}