{"id":18,"date":"2012-03-31T14:16:34","date_gmt":"2012-03-31T14:16:34","guid":{"rendered":"http:\/\/www.fortici.net\/puissalicon\/?page_id=5"},"modified":"2012-03-31T14:16:34","modified_gmt":"2012-03-31T14:16:34","slug":"notre-village","status":"publish","type":"page","link":"https:\/\/puissalicon.fr\/index.php\/notre-village\/","title":{"rendered":"Notre village"},"content":{"rendered":"<p><strong><em><a href=\"http:\/\/www.fortici.eu\/sites\/puissalicon\/wp-content\/uploads\/2012\/03\/imagesCAVBXLGW1.jpg\"><img loading=\"lazy\" decoding=\"async\" class=\"alignright size-thumbnail wp-image-334\" title=\"imagesCAVBXLGW\" src=\"http:\/\/www.fortici.eu\/sites\/puissalicon\/wp-content\/uploads\/2012\/03\/imagesCAVBXLGW1-150x144.jpg\" alt=\"\" width=\"150\" height=\"144\" \/><\/a>\u00a0<\/em><\/strong><\/p>\n<table border=\"0\" cellspacing=\"0\" cellpadding=\"0\" align=\"right\">\n<tbody>\n<tr>\n<td>\n<p align=\"center\"><em><strong><\/strong><\/em>\u00a0<\/p>\n<\/td>\n<\/tr>\n<\/tbody>\n<\/table>\n<p>A 15 km de B\u00e9ziers, en direction de B\u00e9darieux, l\u00e9g\u00e8rement \u00e0 l&rsquo;\u00e9cart des grands axes routiers,<\/p>\n<p>&nbsp;<\/p>\n<p>Puissalicon blotti autour de son ch\u00e2teau f\u00e9odal et de son \u00e9glise du XIV si\u00e8cle a su conserver son calme et son charme particulier qui en font un village o\u00f9 il fait bon vivre. Des restes de murailles et des anciennes portes attestent encore l&rsquo;importance strat\u00e9gique de ce lieu fortifi\u00e9 o\u00f9 les rues \u00e9troites \u00e9pousent la forme circulaire des anciens remparts. A 1km, vers la R.D. 909, non loin du Libron, se trouve la Tour Romane. Aujourd&rsquo;hui seul vestige de l&rsquo;ancien prieur\u00e9 St Etienne de Pezan.<\/p>\n<p>&nbsp;<\/p>\n<p>Jusqu\u2019au XVII le nom s\u2019\u00e9crivait PUESCHSALICON, il s\u2019est ensuite simplifi\u00e9 pour arriver \u00e0 sa forme actuelle. Origine du nom\u00a0: on pense qu\u2019il s\u2019agit du terme podium qui a donn\u00e9 les mots pioch .Pech (hauteur) et du nom d\u2019un homme d\u2019origine Wisigothe\u00a0: SALICO.<\/p>\n<p>Saint Guiraud n\u00e9 en 1070 est le saint protecteur du village. Il fut prieur de Cassan et Ev\u00eaque de B\u00e9ziers de 1121 \u00e0 1123.<\/p>\n<p>Les seigneurs de Puissalicon \u00e9taient apparent\u00e9s \u00e0 la puissante famille des Boussagues et plus tard au mar\u00e9chal de Montpezat.<\/p>\n<p>De nombreux vestiges de la p\u00e9riode gallo romaine ont \u00e9t\u00e9 d\u00e9couverts sur le territoire de la commune.\u00a0: statues\u00a0; outils, fragments de poterie et de mosa\u00efques et objets de la vie quotidienne.<\/p>\n<p>La vigne y \u00e9tait d\u00e9j\u00e0 cultiv\u00e9e ainsi que les c\u00e9r\u00e9ales.<\/p>\n<p>Aujourd\u2019hui, les caves particuli\u00e8res et le groupement des caves de l\u2019Occitane proposent des vins de qualit\u00e9 souvent cit\u00e9s dans les guides.\u00a0<\/p>\n<p>Les associations tr\u00e8s pr\u00e9sentes sur le village contribuent \u00e0 de nombreuses animations. La f\u00eate locale au mois d\u2019ao\u00fbt, le printemps des peintres au mois de juin et la journ\u00e9e des circulades sont des \u00e9v\u00e9nements tr\u00e8s attendus chaque ann\u00e9e.<\/p>\n","protected":false},"excerpt":{"rendered":"<p>\u00a0 \u00a0 A 15 km de B\u00e9ziers, en direction de B\u00e9darieux, l\u00e9g\u00e8rement \u00e0 l&rsquo;\u00e9cart des grands axes routiers, &nbsp; Puissalicon blotti autour de son ch\u00e2teau f\u00e9odal et de son \u00e9glise du XIV si\u00e8cle a su conserver son calme et son charme particulier qui en font un village o\u00f9 il fait bon vivre. Des restes de [&hellip;]<\/p>\n","protected":false},"author":2,"featured_media":0,"parent":0,"menu_order":0,"comment_status":"open","ping_status":"open","template":"","meta":{"footnotes":""},"class_list":["post-18","page","type-page","status-publish","hentry"],"post_mailing_queue_ids":[],"_links":{"self":[{"href":"https:\/\/puissalicon.fr\/index.php\/wp-json\/wp\/v2\/pages\/18","targetHints":{"allow":["GET"]}}],"collection":[{"href":"https:\/\/puissalicon.fr\/index.php\/wp-json\/wp\/v2\/pages"}],"about":[{"href":"https:\/\/puissalicon.fr\/index.php\/wp-json\/wp\/v2\/types\/page"}],"author":[{"embeddable":true,"href":"https:\/\/puissalicon.fr\/index.php\/wp-json\/wp\/v2\/users\/2"}],"replies":[{"embeddable":true,"href":"https:\/\/puissalicon.fr\/index.php\/wp-json\/wp\/v2\/comments?post=18"}],"version-history":[{"count":0,"href":"https:\/\/puissalicon.fr\/index.php\/wp-json\/wp\/v2\/pages\/18\/revisions"}],"wp:attachment":[{"href":"https:\/\/puissalicon.fr\/index.php\/wp-json\/wp\/v2\/media?parent=18"}],"curies":[{"name":"wp","href":"https:\/\/api.w.org\/{rel}","templated":true}]}}